{"id":66,"date":"2023-11-23T18:15:36","date_gmt":"2023-11-23T17:15:36","guid":{"rendered":"https:\/\/www.celimarro.it\/store\/?page_id=66"},"modified":"2023-11-25T11:04:46","modified_gmt":"2023-11-25T10:04:46","slug":"termini-e-condizioni","status":"publish","type":"page","link":"https:\/\/www.celimarro.it\/store\/termini-e-condizioni\/","title":{"rendered":"Termini e Condizioni"},"content":{"rendered":"\n<p><strong>Termini e&nbsp;Condizioni<\/strong><\/p>\n\n\n\n<p>Il presente avviso contiene i termini e le condizioni legali che regolano il sito&nbsp;<strong>celimarro.it<\/strong><\/p>\n\n\n\n<p>Accedendo al sito <strong>celimarro.it<\/strong> gli utenti si impegnano ad accettare e concordare di attenersi al rispetto di tutte le condizioni contenute in questa dichiarazione. <strong>Celimarro.it<\/strong> si riserva il diritto di chiedere agli Utenti che non accettino o non intendano rispettare tali termini, di astenersi dall\u2019utilizzo del sito web celimarro.it. L\u2019accesso al sito ed ai relativi servizi \u00e8 destinato esclusivamente ad utilizzo personale. La visualizzazione del sito celimarro.it fornisce ai Clienti informazioni sui prodotti proposti insieme alla possibilit\u00e0 di acquisto degli stessi.<\/p>\n\n\n\n<p><strong>Celimarro.it<\/strong> declina ogni responsabilit\u00e0 circa la possibilit\u00e0 che, a causa di una particolare configurazione del computer utilizzato dal cliente o di un suo malfunzionamento, i colori dei prodotti visualizzati sul sito presentino leggere differenze rispetto a quelli originali.<\/p>\n\n\n\n<p>Le immagini dei prodotti contenute sul sito <strong>Celimarro.it<\/strong> rappresentano originali ed autentiche riproduzioni di manifatture \u201c<em>made in Italy<\/em>\u201d e sono di propriet\u00e0 di <strong>Celimarro.it<\/strong>. L\u2019utilizzo di tali immagini, non autorizzato da un consenso scritto da parte di <strong>Celimarro.it<\/strong>, sar\u00e0 perseguito a norma di legge.&nbsp;<\/p>\n\n\n\n<p>Con il presente contratto, rispettivamente, il Fornitore vende e l\u2019Acquirente (o \u201cCliente\u201d) acquista a distanza tramite strumenti telematici i beni mobili materiali indicati e offerti in vendita sul sito<strong> www.celimarro.it<\/strong><\/p>\n\n\n\n<p>Il contratto di acquisto si conclude mediante l\u2019esatta compilazione del modulo di richiesta e il consenso all\u2019acquisto manifestato tramite l\u2019adesione inviata on line ovvero seguendo la procedura guidata allegata al catalogo elettronico on line all\u2019indirizzo www.celimarro.it e il successivo invio, sempre previa visualizzazione di una pagina web di riepilogo dell\u2019ordine, stampabile, nella quale sono riportati gli estremi dell\u2019ordinante e dell\u2019ordinazione, il prezzo del bene acquistato, le spese di spedizione e gli eventuali ulteriori oneri accessori, le modalit\u00e0 e i termini di pagamento, l\u2019indirizzo ove il bene verr\u00e0 consegnato e i tempi della consegna. Nel momento in cui il Fornitore riceve dall\u2019Acquirente l\u2019ordinazione provvede all\u2019invio di una e-mail di conferma oppure alla visualizzazione di una pagina web di conferma e riepilogo dell\u2019ordine, stampabile, nella quale siano riportati anche i dati richiamati nel punto precedente.&nbsp;<\/p>\n\n\n\n<p>Tutti i prezzi di vendita dei prodotti esposti e indicati all\u2019interno del sito internet www.celimarro.it\/store, sono espressi in euro e costituiscono offerta al pubblico ai sensi dell\u2019art. 1336 c.c.&nbsp;<\/p>\n\n\n\n<p>I prezzi di vendita, di cui al punto precedente, sono comprensivi di IVA e di ogni eventuale altra imposta. I costi di spedizione e gli eventuali oneri accessori (ad esempio: sdoganamento), se presenti, pur non ricompresi nel prezzo di acquisto, devono essere indicati e calcolati nella procedura di acquisto prima dell\u2019inoltro dell\u2019ordine da parte dell\u2019acquirente e altres\u00ec contenuti nella pagina web di riepilogo dell\u2019ordine effettuato. I prezzi indicati in corrispondenza di ciascuno dei beni offerti al pubblico hanno validit\u00e0 fino alla data indicata nel catalogo.<\/p>\n\n\n\n<p>Il Fornitore non assume alcuna responsabilit\u00e0 per disservizi imputabili a causa di forza maggiore, nel caso non riesca a dare esecuzione all\u2019ordine nei tempi previsti dal contratto. Il Fornitore non potr\u00e0 ritenersi responsabile verso l\u2019Acquirente, salvo il caso di dolo o colpa grave, per disservizi o malfunzionamenti connessi all\u2019utilizzo della rete internet al di fuori del controllo proprio o di suoi sub-fornitori. Il Fornitore non sar\u00e0 inoltre responsabile in merito a danni, perdite e costi subiti dall\u2019Acquirente a seguito della mancata esecuzione del contratto per cause a lui non imputabili, avendo l\u2019Acquirente diritto soltanto alla restituzione integrale del prezzo corrisposto e degli eventuali oneri accessori sostenuti. Il Fornitore non assume alcuna responsabilit\u00e0 per l\u2019eventuale uso fraudolento e illecito che possa essere fatto da parte di terzi, delle carte di credito, assegni e altri mezzi di pagamento, all\u2019atto del pagamento dei prodotti acquistati, qualora dimostri di aver adottato tutte le cautele possibili in base alla miglior scienza ed esperienza del momento e in base alla ordinaria diligenza.<\/p>\n\n\n\n<p>L\u2019assortimento presente su celimarro.it riflette l\u2019esatta disponibilit\u00e0 di ogni articolo per tipologia di prodotto. Il sito internet \u00e8 infatti collegato in tempo reale con il magazzino di appartenenza all&#8217;Azienda Agricola Sidero Cosima e permette, pertanto, di avere sempre aggiornata la disponibilit\u00e0 e la reperibilit\u00e0 immediata dei prodotti selezionati dagli utenti. Una volta ricevuta la richiesta d\u2019ordine, il reparto Ordini si riserva il diritto di riconfermare la disponibilit\u00e0 degli articoli acquistati, la validit\u00e0 della transazione tramite carta di credito e di verificare i dettagli delle precedenti transazioni effettuate dal Cliente su celimarro.it. Nell\u2019eventualit\u00e0 in cui gli articoli ordinati non siano disponibili, o se per qualche motivo l\u2019ordine non possa essere evaso come da richiesta del Cliente, l\u2019ufficio Ordini ne dar\u00e0 tempestiva comunicazione al Cliente.&nbsp;<\/p>\n\n\n\n<p>Accedendo al sito celimarro.it gli utenti si impegnano ad accettare e concordare di attenersi al rispetto di tutte le condizioni contenute in questa dichiarazione. Celimarro.it si riserva il diritto di chiedere agli utenti che non accettino o non intendano rispettare tali termini, di astenersi dall\u2019utilizzo del sito web celimarro.it. L\u2019accesso al sito ed ai relativi servizi \u00e8 destinato esclusivamente ad utilizzo personale. La visualizzazione del sito celimarro.it fornisce ai clienti informazioni sui prodotti proposti insieme alla possibilit\u00e0 di acquisto degli stessi.<\/p>\n\n\n\n<p>celimarro.it e tutto il suo contenuto \u00e8 propriet\u00e0 di celimarro.it. Ci\u00f2 include documentazione, immagini, design, musica, software, codici e format scripts. Il materiale contenuto nel sito web \u00e8 protetto da copyright. Qualsiasi riproduzione, alterazione, trasmissione, pubblicazione o ridistribuzione a terzi, per scopi commerciali, \u00e8 severamente vietata se priva di espresso consenso scritto fornito da celimarro.it vieta l\u2019utilizzo del contenuto o dei marchi presenti nel sito per ogni altro scopo e fine diversi da quelli sopra citati.<\/p>\n\n\n\n<p>Celimarro.it pubblica informazioni sul suo sito al fine di fornire un servizio ai propri clienti, tuttavia declina ogni responsabilit\u00e0 circa la possibilit\u00e0 di eventuali inesattezze tecniche o di fatto e\/o errori tipografici per i quali \u00e8 prevista, a seguito di una segnalazione, immediata correzione.&nbsp;<\/p>\n\n\n\n<p>Celimarro.it non \u00e8 responsabile nei confronti dei clienti, per il ritardo o la mancata esecuzione delle proprie obbligazioni qualora tale ritardo o mancata esecuzione derivi da una causa che esula dalle proprie possibilit\u00e0 di controllo, ivi inclusa, a titolo esemplificativo e non esaustivo, qualsiasi causa tra le seguenti: catastrofe naturale, provvedimento del governo o della pubblica autorit\u00e0, guerra, inondazione, esplosione o sommossa.&nbsp;&nbsp;Si ha cura di precisare che le previsioni di cui alla presente norma non costituiscono una valida causa di esonero dell\u2019utente dalle proprie obbligazioni di pagamento in base alle presenti condizioni generali, salvo il caso di impossibilit\u00e0 della prestazione derivante da causa a lui non imputabile.<\/p>\n\n\n\n<p>Celimarro.it si riserva inoltre il diritto di apportare correzioni e cambiamenti al sito ogni qual volta lo ritenga necessario senza darne preavviso.&nbsp;<\/p>\n\n\n\n<p>Celimarro.it non offre alcuna garanzia sulla conformit\u00e0 delle informazioni pubblicate nel proprio sito alle leggi previste dalla giurisdizione del paese di residenza del Cliente.&nbsp;<\/p>\n\n\n\n<p>Celimarro.it declina ogni responsabilit\u00e0 relativa ad eventuali problemi, danni o rischi che l\u2019utente pu\u00f2 incontrare durante l\u2019utilizzo del sito.&nbsp;<\/p>\n\n\n\n<p>Azienda Agricola Sidero Cosima garantisce che il proprio sito www.celimarro.it sia protetto secondo gli standard internazionali previsti per Internet. Se usato correttamente, l\u2019Utente \u00e8 protetto dal rischio di virus.&nbsp;<\/p>\n\n\n\n<p>Celimarro.it declina ogni responsabilit\u00e0 relativa ad eventuali malfunzionamenti legati alla disattivazione dei cookies nel browser dell\u2019utente.&nbsp;<\/p>\n\n\n\n<p>Celimarro.it si riserva il diritto di rettificare\/riesaminare i termini e le condizioni contenute in questa nota legale, tramite un aggiornamento della stessa, ogni qualvolta lo ritenga opportuno, senza alcun obbligo di dare preavviso.&nbsp;<\/p>\n\n\n\n<p>L\u2019utente \u00e8 tenuto ad attenersi ai termini contenuti in questa avviso legale, controllandone periodicamente eventuali aggiornamenti, cambi e correzioni.&nbsp;<\/p>\n\n\n\n<p>Il sito celimarro.it consente l\u2019acquisto delle merci e dei prodotti mediante l\u2019utilizzo e l\u2019uso dell\u2019apposito carrello che vi guider\u00e0 passo per passo alla conclusione dell\u2019ordine. Il sistema di pagamento di Azienda Agricola Sidero Cosima mette a disposizione i seguenti metodi di pagamento: Nexi, Stripe, Klarna, Paypal, Bonifico Bancario.<\/p>\n\n\n\n<p>Le presenti condizioni generali costituiscono l\u2019intero accordo tra le parti relativamente al suo oggetto e sostituiscono qualsiasi precedente contratto, accordo o intesa raggiunta tra le parti relativamente a tale oggetto.<\/p>\n\n\n\n<p>Il presente contratto \u00e8 regolato dalla legge italiana. Per quanto qui non espressamente disposto valgono le norme di legge applicabili ai rapporti e alle fattispecie previste nel presente contratto, e in particolar modo l\u2019art. 5 della Convenzione di Roma del 1980. Tutte le controversie nascenti dal presente contratto e qualora le Parti intendano adire l\u2019Autorit\u00e0 Giudiziaria ordinaria, il Foro competente \u00e8 quello del luogo di residenza o di domicilio elettivo del consumatore, inderogabile ai sensi del\u2019art. 33, comma 2, lettera u) cod. cons.<\/p>\n\n\n\n<p>Le comunicazioni scritte dirette al Fornitore e gli eventuali reclami saranno ritenuti validi unicamente ove inviati al seguente indirizzo: Contrada Fedula snc, 87040 San Lorenzo del Vallo (CS) , o ovvero inviati tramite e-mail al seguente indirizzo store@celimarro.it . L\u2019Acquirente indica nel modulo di registrazione la propria residenza o domicilio, il numero telefonico o l\u2019indirizzo di posta elettronica al quale desidera siano inviate le comunicazioni del Fornitore.<\/p>\n\n\n\n<p>Il sito www.celimarro.it di propriet\u00e0 dell&#8217;Azienda Agricola Sidero Cosima, rispetta i termini di legge del passaggio del rischio stabiliti dall\u2019art. 63 D.Lgs. 206\/2005 e novellato dal D.Lgs. 21\/2014 e delle norme a tutela delle pratiche commerciali e del consumatore secondo l\u2019art. 49 D.Lgs. 206\/2005 e novellato dal D.Lgs. 21\/2014.<\/p>\n","protected":false},"excerpt":{"rendered":"<p>Termini e&nbsp;Condizioni Il presente avviso contiene i termini e le condizioni legali che regolano il sito&nbsp;celimarro.it Accedendo al sito celimarro.it gli utenti si impegnano ad accettare e concordare di attenersi al rispetto di tutte le condizioni contenute in questa dichiarazione. Celimarro.it si riserva il diritto di chiedere agli Utenti che non accettino o non intendano<\/p>\n<div class=\"more-link\">\n             <a href=\"https:\/\/www.celimarro.it\/store\/termini-e-condizioni\/\" class=\"link-btn\"><span>Continua a leggere <\/span><i class=\"icofont-thin-double-right\"><\/i><\/a>\n        <\/div>\n","protected":false},"author":1,"featured_media":0,"parent":0,"menu_order":0,"comment_status":"closed","ping_status":"closed","template":"","meta":{"footnotes":""},"class_list":["post-66","page","type-page","status-publish","hentry"],"_links":{"self":[{"href":"https:\/\/www.celimarro.it\/store\/wp-json\/wp\/v2\/pages\/66","targetHints":{"allow":["GET"]}}],"collection":[{"href":"https:\/\/www.celimarro.it\/store\/wp-json\/wp\/v2\/pages"}],"about":[{"href":"https:\/\/www.celimarro.it\/store\/wp-json\/wp\/v2\/types\/page"}],"author":[{"embeddable":true,"href":"https:\/\/www.celimarro.it\/store\/wp-json\/wp\/v2\/users\/1"}],"replies":[{"embeddable":true,"href":"https:\/\/www.celimarro.it\/store\/wp-json\/wp\/v2\/comments?post=66"}],"version-history":[{"count":3,"href":"https:\/\/www.celimarro.it\/store\/wp-json\/wp\/v2\/pages\/66\/revisions"}],"predecessor-version":[{"id":187,"href":"https:\/\/www.celimarro.it\/store\/wp-json\/wp\/v2\/pages\/66\/revisions\/187"}],"wp:attachment":[{"href":"https:\/\/www.celimarro.it\/store\/wp-json\/wp\/v2\/media?parent=66"}],"curies":[{"name":"wp","href":"https:\/\/api.w.org\/{rel}","templated":true}]}}